.
-4
Let a(n) = -n**3 - 7*n**2 + 9*n - 4. Let v(x) = -14*x**3 - x**2 + 1. Let k be v(1). Let b = k + 6. Determine a(b).
-12
Let r(v) = 2*v + 2. Let t be r(-3). Let b(f) = -f**3 - 4*f**2 - 2*f - 6. Let s be b(t). Let h(u) = 2*u**2 - 5 + 18 - u**s. Calculate h(0).
13
Let q(s) = 3*s**2 + 13*s - 9. Let r(v) = -v**2 - 7*v + 4. Let j(l) = -2*q(l) - 5*r(l). What is j(9)?
-2
Let s(c) = -3*c**3 - 4*c**2 - 3*c + 4. Let x(z) = -z**3 - z**2 - z + 1. Let n(a) = -s(a) + 4*x(a). Calculate n(2).
-10
Suppose 5*t - 7 = 8. Suppose d - t = -2. Let a(r) = 3 - 16*r + d + 4*r**2 - r**3 + 11*r. What is a(3)?
-2
Let y(m) = 1 + 0*m - 5*m**2 + m + 6*m**2. Let l(g) = -2*g**2 - 6*g + 1. Let n(d) = -l(d) - y(d). What is n(-6)?
4
Let g(n) = n**3 - n**2 + 2*n - 2. Let r(w) = w - 1. Let b(t) = g(t) - 4*r(t). Let c be 30/8 + (-155)/(-124). Suppose -c*m - 6 = -8*m. Give b(m).
2
Let h(x) = x + 18. Suppose -14*t = 16*t + 330. Give h(t).
7
Let q(b) = -b**2 - 4*b. Let p = -91 + 86. What is q(p)?
-5
Let r(s) = -s**2 + 17*s + 16. Let j be r(18). Let z(d) be the second derivative of d**4/4 - d**2/2 - 29*d. Give z(j).
11
Let m(h) = h**2 + 11*h + 16. Let t(a) = 20*a - 90. Let z be t(4). Calculate m(z).
6
Let h(v) be the third derivative of v**4/12 - 5*v**3/2 - 10*v**2. Let a be h(5). Let d(s) be the first derivative of -s**3/3 - 2*s**2 - s + 1. What is d(a)?
-6
Let i(k) = 4*k**2 + 3*k + 2. Suppose -3*x = -5*c - 56 - 7, -5*x - 3*c + 71 = 0. Let v = x + -18. Give i(v).
12
Let j(h) = h**3 + 6*h**2 + 6*h + 7. Let w be j(-5). Let f(m) = -3 + m + m**3 - 2 + 0 - m**w. Let c = -45 - -45. Determine f(c).
-5
Suppose 4*r - 5*u = 28, -r + 2 = 5*u + 20. Let k(f) = 0*f + 5*f - 8*f**r + f + 2 + f**3. What is k(7)?
-5
Let o(n) = -3*n + 5. Suppose 0 = -q - 2*m + 12, 3*m - 29 = -5*q - 4. Suppose -q*f + 13 - 5 = 0. Suppose j - f = -0*j. What is o(j)?
-7
Let v(s) = 4*s**3 + s**2 - 3. Let y(z) = -5*z**3 + 4. Let t(c) = -6*v(c) - 5*y(c). Give t(6).
-2
Let z(c) = -2*c**2 + 4*c - 1. Let n = 62 + -59. Let g(y) = y**2 - 3*y + 2. Let d be g(3). Suppose d*k - n = k. Give z(k).
-7
Let a = -15 - -7. Let b(l) be the first derivative of 3*l**2/2 + l + 96. Determine b(a).
-23
Let t(z) be the third derivative of 1/15*z**5 + 0*z + 1/120*z**6 - 7*z**2 - 5/24*z**4 + 2/3*z**3 + 0. Give t(-5).
4
Let v(a) = 15*a - 3*a - a + 2*a + 5*a. Determine v(-1).
-18
Suppose 11*r + 50 - 6 = 0. Let d(o) = 4 - 8 + 3 - o. Calculate d(r).
3
Let j be -3 - 19/(57/(-6)). Let z(b) = 20*b. Give z(j).
-20
Let u(l) = -2*l + 7. Let x(g) = 12 - 20 + 10*g + g**2 + 4. Let s be x(-11). What is u(s)?
-7
Let h = -762 - -745. Let n(w) = -2*w - 1. Give n(h).
33
Let v = 41 - 34. Let a(q) = -q**3 + 6*q**2 + 8*q - 7. Let o be a(v). Let n(p) = -3*p - 29. Let f(g) = 4*g + 43. Let j(s) = -5*f(s) - 7*n(s). Calculate j(o).
-12
Let l(q) = -q**3 - 6*q**2 - q - 7. Let w(a) = a - 2. Let t be w(7). Suppose 5*b = -t*d - 85, -3*d + 5*b = d + 68. Let i = 11 + d. Calculate l(i).
-1
Suppose h + 2 = -2*o + 4, 3*o = h + 8. Let d(s) be the third derivative of -4*s**2 + 0 - 1/24*s**4 - 1/6*s**3 + 0*s. Give d(o).
-3
Let h(j) = -j + 1. Let q be h(7). Let s(r) = -3*r - 12. Calculate s(q).
6
Let m(j) be the second derivative of -j**5/20 - 5*j**4/12 - 2*j**3/3 - 3*j**2/2 + j. Let v(b) = 2*b - 7. Let o be v(9). Let p = -13 + o. Calculate m(p).
-7
Let j(u) = -u - 1. Let o be j(5). Let m(v) = -v**2 - 8*v - 9. Let l be m(o). Let f(x) = 80 + 132 - 2*x - 208. Determine f(l).
-2
Let l(v) be the third derivative of v**4/24 - 5*v**3/3 - 445*v**2. Determine l(0).
-10
Let x = 1 + 3. Let i(l) be the third derivative of -l**4/12 + 5*l**3/6 + 2*l**2 + 47*l. Determine i(x).
-3
Let w(v) = v**3 + 6*v**2 + 5*v - 4. Let x = -11 - -35. Suppose 4*h - 12 = -2*h. Let n be h*3*x/(-36). Calculate w(n).
8
Let k = -1771 - -1771. Let r(v) = 2*v**2 - v + 7. What is r(k)?
7
Suppose 0 = -3*p - 42 + 9. Let h(j) = 2*j**3 - 16*j**2 + 23*j - 19. Let q(d) = -d**3 + 8*d**2 - 12*d + 10. Let i(c) = p*q(c) - 6*h(c). Calculate i(7).
11
Let z(i) = i**3 - 8*i**2 + 5. Let l be (-12)/((-8)/2) + 5. Let h(b) = -2*b**2 + 16*b + 8. Let t be h(l). Suppose -24 = -4*u + t. Give z(u).
5
Suppose -991*f + 20 = -996*f. Let t(p) = p + 4. Let i(w) = w + 5. Let o(y) = -5*i(y) + 6*t(y). What is o(f)?
-5
Let j(u) = u**3 + 5*u**2 + 5*u + 3. Suppose -s = -3, -5*k = -s + 6*s - 70. Let p be k/22*48/(-2). Let g = -15 - p. Determine j(g).
6
Let y(q) = 12*q - 17. Let x(t) = 23*t - 31. Let h(g) = -6*x(g) + 11*y(g). Calculate h(-1).
5
Let n(l) = l**2 - l - 1. Let t = -2 + 1. Let h(v) = -3*v - 4. Let d be h(t). What is n(d)?
1
Let x(o) = -o**2 + 8*o - 9. Let h be x(6). Let p(u) = 3*u + h*u + 6 + 2*u - 6*u. Give p(-6).
-6
Suppose -35*s + 43*s = 184. Let a(n) = -n + 22. Determine a(s).
-1
Let v(b) = -b**3 + 17*b**2 - 15*b - 11. Let m be -5 + (-3)/(15/10) + 23. Calculate v(m).
5
Suppose 42*o - 37*o - 25 = 0. Let z(y) = -3*y - 3*y + 4*y + 3. Let v be z(o). Let n(g) = -g - 2. Give n(v).
5
Let r(d) = 23*d - 12*d - 11*d + 4 - d**2. Let p be r(0). Let l(j) = -2*j**2 + 7*j - 4. What is l(p)?
-8
Let u(q) = 2*q - 1. Suppose -28*s + 18 = -5*v - 26*s, 12 = -4*v + 4*s. Determine u(v).
-9
Let q(g) = -2*g + 6. Let c(h) = 1. Let z be 1/(2/12*-1). Let n(b) = z*c(b) + q(b). Give n(5).
-10
Suppose 2*j = -11 - 1. Let r = 44 + -33. Let p(y) = r - 24 + 3*y - 2*y + 14. Calculate p(j).
-5
Let j(u) be the third derivative of -u**5/15 + u**4/24 + 61*u**2 + 2*u. What is j(2)?
-14
Let v(a) be the second derivative of -a**3/3 - 3*a**2/2 - 130*a. Determine v(-3).
3
Let m(l) = 20*l**3 + 3*l**2 - 17*l + 17. Let o(s) = -7*s**3 - s**2 + 6*s - 6. Let q = -14 - -22. Let a = -9 - q. Let g(f) = a*o(f) - 6*m(f). What is g(-1)?
0
Suppose 2*o - 3 = -3*k - 2, 4 = o - 2*k. Let c(s) = 11*s**2 + s**3 - 5*s - 12*s**o + 1 + 4*s**2. What is c(-4)?
5
Let l(g) = 25*g - 1. Let i(s) = s**2 - 13*s - 91. Let c be i(18). Determine l(c).
-26
Let w(j) = -8*j**3 - 5*j**2 - 6*j + 1. Let p(x) = -2*x - 1. Let y be p(-3). Let v(g) = -7*g**3 - 6*g**2 - 7*g + 1. Let z(c) = y*v(c) - 6*w(c). What is z(1)?
13
Let d(y) = -y**3 + 7*y**2 - 11*y - 4. Let j = 909 - 905. Calculate d(j).
0
Let i be -4*(-15)/20 - (1 - 3). Suppose 0*a + 2*a + 16 = 0. Let l(z) = -3*z**2 + 20*z - 6. Let w(p) = -2*p**2 + 13*p - 4. Let d(q) = a*w(q) + i*l(q). Give d(3).
-1
Let p(z) = -17*z - 6 + 9*z + 7*z. Calculate p(-5).
-1
Let p(u) = u - 19. Let m be (16 + -15)/(1 + 32/(-34)). What is p(m)?
-2
Let l(q) = -2*q + 8. Let v(o) = -3*o**2 + 24*o + 5. Let d be v(8). Determine l(d).
-2
Let k(d) = 3*d**3 + 4*d**2 - 5*d + 8. Let t(n) = 4*n**3 + 4*n**2 - 5*n + 9. Let a(q) = 5*k(q) - 4*t(q). Suppose 2 = 3*c - 2*h - 7, 0 = -4*h. Determine a(c).
-2
Let a be (-832)/(-80) - 4/10. Let v(x) = -x**3 + 11*x**2 - 13*x + 4. Determine v(a).
-26
Let c(g) = -g**3 - 6*g**2 - 6*g + 7. Let w = -15 - -26. Suppose 0 = -i + w - 16. Calculate c(i).
12
Let l = -220 + 227. Let y(t) = 3*t - 2. Let w(o) = 4*o - 3. Let n(g) = 2*w(g) - 3*y(g). What is n(l)?
-7
Let a(s) = 18*s + 0 - s**3 + 12*s**2 - 15 - 3*s**2 - 6*s. Let q be a(10). Let c(p) = -2*p + q + 6 - 4. What is c(6)?
-5
Suppose 0 = -4*l + 7*n - 6*n + 5, 5 = 2*l - n. Let j(x) = -x + 8*x - 5*x + x**2 + l*x - 5. Give j(-5).
10
Let p(k) = -k**2 + 8*k - 7. Let i = -454 - -462. What is p(i)?
-7
Suppose a + 17 = -i, -9*a + 6*a - 5*i - 49 = 0. Let m(k) = -3*k - 45. Determine m(a).
9
Suppose 5*n + 5*f = -2 - 23, 10 = -5*f. Let q(o) be the first derivative of 2*o**2 - o**2 - 2*o**2 - 15 + 17*o - 19*o. Calculate q(n).
4
Let x(m) = 16*m**2 - 9*m + 25. Let l(r) = 3*r**2 - r + 5. Let g(h) = -11*l(h) + 2*x(h). Suppose b = -i - 9, 0*i - 13 = -3*b + 5*i. What is g(b)?
7
Let g(m) be the third derivative of m**5/60 + 11*m**4/24 + m**3 - 199*m**2. Determine g(-9).
-12
Let b(v) = 5*v**2 - 3*v + 6. Let h(d) = -4*d**2 + d - 1. Let m(o) = b(o) + h(o). Determine m(5).
20
Let x(t) = t**3 - t - 5. Suppose -5*i + 136 = -34. Suppose -3*q + i - 28 = 0. Suppose -5*v = -4*g - 16, g - q + 6 = -4*v. Give x(v).
-5
Let k(x) be the first derivative of -x**2/2 + 7*x - 213. Give k(8).
-1
Let g = -62 + 64. Suppose 0 = -m + 5*j + 1, -g*j - 22 = -5*m + 10*m. Let x(v) = v**3 + 2*v**2 - 5*v - 1. Calculate x(m).
-13
Let r(w) = w - 1. Let b(a) = -6*a + 11. Suppose 3*x + 3 = 12. Let z(l) = x*r(l) + b(l). Give z(6).
-10
Let u be (2/3 - 0) + (-352)/(-12). Let d(p) = -u